
528
Calculate the remainder when 10883 is divided by 3239.
1166
What is the remainder when 3093814 is divided by 374?
86
What is the remainder when 6140621 is divided by 171?
11
What is the remainder when 179895 is divided by 179305?
590
Calculate the remainder when 178028 is divided by 322.
284
What is the remainder when 2063611 is divided by 322?
235
What is the remainder when 11753054 is divided by 423?
422
Calculate the remainder when 575147 is divided by 287523.
101
What is the remainder when 132980 is divided by 95?
75
Calculate the remainder when 898166 is divided by 448546.
1074
What is the remainder when 190024 is divided by 852?
28
What is the remainder when 148417 is divided by 175?
17
What is the remainder when 1296707 is divided by 216114?
23
What is the remainder when 656953 is divided by 239?
181
What is the remainder when 463049 is divided by 3692?
1549
Calculate the remainder when 1787522 is divided by 105116.
550
What is the remainder when 137200 is divided by 617?
226
What is the remainder when 432055 is divided by 3630?
85
Calculate the remainder when 302848324 is divided by 325.
324
What is the remainder when 12254057 is divided by 1813?
1803
What is the remainder when 1308832 is divided by 22177?
389
Calculate the remainder when 1536718 is divided by 450.
418
What is the remainder when 2593274 is divided by 3859?
26
What is the remainder when 3931013 is divided by 1965505?
3
Calculate the remainder when 58319 is divided by 4146.
275
Calculate the remainder when 3071185 is divided by 66.
7
Calculate the remainder when 20967 is divided by 248.
135
What is the remainder when 30907 is divided by 65?
32
What is the remainder when 1267010 is divided by 1266924?
86
Calculate the remainder when 653003 is divided by 217644.
71
Calculate the remainder when 4858292 is divided by 277.
266
What is the remainder when 17719987 is divided by 44?
43
Calculate the remainder when 1260637 is divided by 39394.
29
What is the remainder when 355815 is divided by 1074?
321
What is the remainder when 5108277 is divided by 25?
2
Calculate the remainder when 967299 is divided by 1137.
849
Calculate the remainder when 1568963 is divided by 4903.
3
Calculate the remainder when 212385 is divided by 3099.
1653
What is the remainder when 91783680 is divided by 45891830?
20
What is the remainder when 5703236 is divided by 15?
11
What is the remainder when 582345 is divided by 194113?
6
Calculate the remainder when 1736322 is divided by 62011.
14
Calculate the remainder when 161036 is divided by 80459.
118
What is the remainder when 580398 is divided by 109?
82
What is the remainder when 79005746 is divided by 11?
6
What is the remainder when 27676360 is divided by 709650?
10
What is the remainder when 17455955 is divided by 2185?
2175
What is the remainder when 2399472 is divided by 3128?
296
What is the remainder when 15286 is divided by 151?
35
What is the remainder when 63034 is divided by 402?
322
What is the remainder when 195106 is divided by 8444?
894
What is the remainder when 1727206 is divided by 305?
296
What is the remainder when 1299896 is divided by 147?
122
What is the remainder when 4766 is divided by 303?
221
Calculate the remainder when 102276117 is divided by 2176087.
28
Calculate the remainder when 179281 is divided by 2229.
961
What is the remainder when 7257 is divided by 6994?
263
What is the remainder when 7408696 is divided by 313?
299
Calculate the remainder when 5338693 is divided by 97.
7
What is the remainder when 364813 is divided by 217?
36
Calculate the remainder when 190685 is divided by 669.
20
Calculate the remainder when 29968 is divided by 6894.
2392
Calculate the remainder when 96912 is divided by 32255.
147
Calculate the remainder when 798785 is divided by 190.
25
Calculate the remainder when 225427 is divided by 37147.
2545
What is the remainder when 266170 is divided by 66404?
554
Calculate the remainder when 3759426 is divided by 977.
907
What is the remainder when 3549676 is divided by 257?
249
What is the remainder when 6581495 is divided by 421?
2
What is the remainder when 408539 is divided by 192?
155
What is the remainder when 61845 is divided by 8804?
217
Calculate the remainder when 6360090 is divided by 79501.
10
Calculate the remainder when 427579 is divided by 213699.
181
Calculate the remainder when 144615 is divided by 14114.
3475
Calculate the remainder when 5739901 is divided by 41593.
67
Calculate the remainder when 202353175 is divided by 40470628.
35
What is the remainder when 2435882 is divided by 90209?
239
What is the remainder when 6672948 is divided by 144?
132
What is the remainder when 2646817 is divided by 529307?
282
What is the remainder when 43614 is divided by 1136?
446
What is the remainder when 1376748 is divided by 365?
333
What is the remainder when 22934117 is divided by 2866742?
181
Calculate the remainder when 153227 is divided by 3331.
1
What is the remainder when 3822238 is divided by 88888?
54
What is the remainder when 14144 is divided by 4604?
332
What is the remainder when 405502 is divided by 11728?
6750
What is the remainder when 1127781 is divided by 178?
151
Calculate the remainder when 266267 is divided by 266254.
13
What is the remainder when 527523 is divided by 175687?
462
What is the remainder when 344547 is divided by 290?
27
Calculate the remainder when 545813 is divided by 545802.
11
Calculate the remainder when 1526979 is divided by 218138.
13
What is the remainder when 2553011 is divided by 213?
206
What is the remainder when 60977968 is divided by 15?
13
Calculate the remainder when 36414804 is divided by 12138248.
60
Calculate the remainder when 48281898 is divided by 12.
6
Calculate the remainder when 1510237037 is divided by 97.
96
Calculate the remainder when 5239292 is divided by 187109.
240
Calculate the remainder when 87682101 is divided by 1594220.
1
Calculate the remainder when 444629 is divided by 683.
679
What is the remainder when 734156 is divided by 2128?
2124
What is the remainder when 679549 is divided by 171?
166
Calculate the remainder when 10768 is divided by 888.
112
Calculate the remainder when 2647399 is divided by 620.
619
What is the remainder when 64643 is divided by 12009?
4598
What is the remainder when 7333620 is divided by 1030?
20
What is the remainder when 42769 is divided by 21291?
187
What is the remainder when 13740425 is divided by 7032?
6929
What is the remainder when 97363 is divided by 2869?
2686
Calculate the remainder when 304590 is divided by 75989.
634
Calculate the remainder when 459773 is divided by 90326.
8143
Calculate the remainder when 12558790 is divided by 4186258.
16
What is the remainder when 1692810 is divided by 241828?
14
Calculate the remainder when 63904049 is divided by 487817.
22
What is the remainder when 509692 is divided by 4283?
15
What is the remainder when 32576 is divided by 10847?
35
Calculate the remainder when 46692557 is divided by 594.
593
What is the remainder when 51228761 is divided by 246?
245
Calculate the remainder when 4340551 is divided by 198.
193
Calculate the remainder when 4625765 is divided by 3858.
23
What is the remainder when 209328 is divided by 52327?
20
Calculate the remainder when 3538668 is divided by 155.
18
Calculate the remainder when 2927427 is divided by 55.
52
What is the remainder when 532634 is divided by 100?
34
What is the remainder when 33594319 is divided by 51289?
24
What is the remainder when 297514347 is divided by 525?
522
What is the remainder when 130028339 is divided by 52?
51
What is the remainder when 26611127 is divided by 139?
133
What is the remainder when 4733445 is divided by 1336?
1333
Calculate the remainder when 44020 is divided by 1215.
280
What is the remainder when 405662 is divided by 37?
31
What is the remainder when 191893 is divided by 1792?
149
What is the remainder when 117335 is divided by 1054?
341
Calculate the remainder when 829923 is divided by 11875.
10548
What is the remainder when 8378755 is divided by 1703?
1698
Calculate the remainder when 1603398 is divided by 798814.
5770
What is the remainder when 187052 is divided by 16884?
1328
Calculate the remainder when 1338355 is divided by 191193.
4
Calculate the remain